c*x - 20 = -5*n + 2*x. Calculate the highest common divisor of 2 and n.
2
Let h(y) = y**2 + 12*y - 5. Let k be h(-13). Let a be (-2)/k - 650/(-8). What is the highest common factor of 9 and a?
9
Let a = 126 + -74. Let t be (a - 1)/((-2)/(-6)). Suppose 0 = c + 2*q - 29 + 6, -5*c - q + 88 = 0. Calculate the highest common divisor of c and t.
17
Let i(p) = p + 1 + 8 - 1. Let b be i(-7). What is the highest common divisor of b and 7?
1
Let p(v) = -2*v + 1. Let u be p(-4). Let f be 466/10 - u/15. Let z = -24 + f. What is the highest common divisor of z and 110?
22
Let b(k) = 28*k**3 - k - 2. Let t be b(2). Let x be ((-12)/5)/((-6)/t). Let c be (-4)/(1*3/(-6)). Calculate the greatest common factor of c and x.
8
Suppose 4*i = 3*v - 7*v + 116, 4*v = -i + 116. What is the highest common divisor of 116 and v?
29
Suppose 0*y + 2*y + 4*g = 184, 2*g + 104 = y. Calculate the greatest common factor of y and 14.
14
Suppose 3*s + s = 28. Let g(d) = -d**3 + 6*d**2 + 8*d - 1. Let c be g(s). Let a be (-1 - 29)*(0 - 1). What is the greatest common divisor of a and c?
6
Suppose -v + 3 = 8*s - 4*s, 15 = 5*v - 4*s. Calculate the highest common factor of 3 and v.
3
Let p = 127 + 48. Calculate the highest common factor of p and 25.
25
Suppose 11*k = 120 - 10. What is the highest common factor of k and 160?
10
Let g = 64 - -4. Calculate the greatest common factor of 51 and g.
17
Suppose 5*u = 4*u - 1. Let t be (-1)/(u/109 + 0). Suppose 35 = 2*z - t. Calculate the greatest common divisor of 18 and z.
18
Suppose 2*s - 3*s + 434 = w, -5*w + 856 = 2*s. Suppose 4*r - 256 = -3*y, -y + 6*y + r = s. Calculate the highest common divisor of 8 and y.
8
Let d = 13 + -19. Let u = 127 + d. Calculate the highest common factor of 11 and u.
11
Let t be 1*(5 + -2 + -1). Suppose 0 = 2*u + 2*y - 28, 3*u - t*y - 42 = -0. Calculate the greatest common factor of u and 28.
14
Suppose 2*d + 4 = 12. Let h = d + -2. What is the highest common factor of 2 and h?
2
Suppose 4 = 2*z - 4. What is the highest common divisor of z and 12?
4
Suppose 5*b + 0*t = -2*t - 348, -5*b + t - 351 = 0. Let n be 1/(((-2)/b)/1). What is the highest common divisor of n and 7?
7
Suppose 0 = -0*y + y + 1, 2*y + 544 = 2*f. Let c = f - 186. Let k(m) = -m**3 - 9*m**2 - 9*m + 9. Let z be k(-8). What is the highest common factor of c and z?
17
Let t(w) = 2*w**2 - 6*w - 7. Suppose f = 2 + 5. Let q be t(f). What is the highest common factor of q and 7?
7
Let m = -13 - -29. Let t = 8 + 17. Suppose 281 = 2*w + t. Calculate the highest common factor of w and m.
16
Suppose 0 = -q - 4*z + 166, 1 = z - 0*z. Let v = q + -71. What is the greatest common factor of 13 and v?
13
Let o = 0 - -10. Let z be ((-4)/(-6))/(o/2310). Let k be 2 + -1 + 12 + 1. What is the highest common factor of k and z?
14
Let w(f) = -f**3 + 6*f**2 - 2*f - 3. Let p be 6 + -1 + 1 + -1. Let s be w(p). Suppose 0 = -0*d + d - s. Calculate the highest common divisor of d and 48.
12
Let w be (-2)/(-4) - (-86)/4. Let p = 31 - w. What is the greatest common divisor of 99 and p?
9
Let r be 3/(-6) - 36/(-8). Suppose -m - 216 = -r*k, 3*k + 4*m - 301 = -120. What is the greatest common divisor of 11 and k?
11
Let i(j) = -j**2 - 9*j - 6. Let h be (13/(-4) - -4)*-4. Let q be i(h). Calculate the greatest common divisor of 84 and q.
12
Suppose -154*q = -155*q + 27. Let u be 1/(-3) + (-110)/(-6). Calculate the highest common divisor of u and q.
9
Let l(p) = p**3 + 6*p**2 + 2*p - 4. Let c be l(-5). Let m = 3 + c. Let f = 0 + 2. What is the highest common factor of m and f?
2
Suppose -3*r = q - 1 + 17, r + 2*q - 3 = 0. Let i(f) = f**3 + 6*f**2 - 6*f + 9. Let m be i(r). What is the highest common factor of m and 4?
2
Let j(n) = n**2 - 1. Let g be j(4). Suppose 3*t - r - 29 = t, -14 = -2*t - 4*r. Let v = t + -3. Calculate the greatest common factor of g and v.
5
Let m be 178/11 - (-2)/(-11). Suppose -5*k + 15 - 5 = 0. Suppose k*b - 800 = -3*b. What is the greatest common divisor of b and m?
16
Let x(s) = s**3 + 4*s**2 - s - 4. Suppose -6*g = -2*g - 4. Suppose -g = -k - 4. Let c be x(k). What is the highest common factor of c and 88?
8
Let k(j) = 7*j**2 + 5*j - 7. Let z be k(-5). Let s(t) = -t**3 + 5*t**2 - 2*t + 5. Let o = 6 - 2. Let p be s(o). What is the highest common divisor of z and p?
13
Let q(m) = 3*m**3 - 5*m**2 + 3*m - 19. Let t be q(4). What is the highest common divisor of 7 and t?
7
Let q be (-34)/(-4)*28/2. Suppose -3*o + q = -7. Let m(p) = 2*p**3 - 3*p**2 + 2. Let s be m(2). What is the greatest common factor of o and s?
6
Let p(s) = 2*s**2 + 20*s + 2. Let d be p(7). What is the greatest common factor of 48 and d?
48
Let k be 16/(-3)*(-6)/4. Let r(z) = -z**3 - 6*z**2 + 12*z - 8. Let v be r(-8). What is the highest common divisor of k and v?
8
Suppose -14 = 4*d - 118. What is the highest common factor of 65 and d?
13
Let s be (-6)/(-15) - (-276)/10. What is the highest common divisor of s and 196?
28
Let q be (-1)/(-1) + (37 - -5). Let m = -143 + q. Let g = m + 210. What is the greatest common divisor of g and 10?
10
Let o be -4 + 2 + (-6)/2 + 37. Calculate the greatest common factor of 64 and o.
32
Let w be ((-2)/6)/((-2)/18). Suppose -2*g + w = g. What is the greatest common divisor of g and 10?
1
Suppose 0 = -0*w + 5*w - 65. Calculate the greatest common factor of w and 143.
13
Let a be 1924/65 + (-4)/(-10). What is the highest common divisor of a and 12?
6
Let h(z) = -6*z - 3. Let t be h(-2). Suppose l - 4*l + t = 0. What is the highest common factor of 6 and l?
3
Suppose 0 = -2*y + 6 - 4. Let x = -2 + 3. Calculate the highest common factor of x and y.
1
Let g = -458 - -854. Calculate the greatest common divisor of g and 36.
36
Suppose -3*x + 25 = 2*x. Let d(k) = x*k - 11*k + 10*k**2 + 2*k + 3. Let j be d(4). What is the greatest common divisor of j and 21?
21
Let i = 68 + -61. Calculate the greatest common divisor of i and 91.
7
Suppose -3*j + 69 = -3*a - 18, -j = 3*a - 13. Let z be (-15)/j + (-66)/(-10). Suppose -z - 99 = -5*s. Calculate the highest common factor of s and 84.
21
Suppose i - 6*i - p = -1536, 0 = -5*i - 3*p + 1528. Let j(l) = -l**3 - 5*l**2 + 11*l + 7. Let s be j(-7). Calculate the greatest common divisor of s and i.
28
Let h = -256 - -361. Let t(r) = 4*r**3 + 3*r**2 - r. Let d(s) = -s + 2. Let c be d(0). Let l be t(c). Calculate the greatest common divisor of l and h.
21
Let v = 6 + -4. Let a be -1*(-1 - -1) + 2. Suppose a*d - 25 = 15. What is the highest common factor of d and v?
2
Suppose 173 = 5*w - t + 12, w = 3*t + 35. Let p = -14 + 36. Suppose w + p = f. What is the greatest common divisor of 9 and f?
9
Let y(j) = -j - 4. Let t be y(-10). Let l = 2 - t. Let z be (-424)/(-12) + l/(-6). Calculate the highest common divisor of z and 18.
18
Let o be (182/(-35) + 7)*25/1. Calculate the greatest common divisor of o and 30.
15
Suppose -4*i = 3 + 5, -q + 16 = -5*i. Suppose 0*s = 2*s - 16. Let n be ((-4)/s)/(2/(-24)). Calculate the greatest common divisor of q and n.
6
Suppose 2*w + 432 = 8*w. What is the greatest common factor of 18 and w?
18
Suppose -5*b - 7*j = -2*j, -4*j - 8 = -4*b. Let a be ((-3)/b)/((-8)/200). Calculate the highest common factor of 15 and a.
15
Suppose 4*v = -4 + 12. Suppose -v*z + 0 = -6. What is the highest common divisor of z and 1?
1
Let v(p) = p**2 + 2. Let z be v(0). Let y be (3 - z)*-10 + 2. Let g be (-6)/(-9)*y*-3. What is the highest common factor of g and 48?
16
Let x = 6 - 8. Let v be x - 6/(-2) - -159. Suppose 2*m + v = 2*s, -3*s - 3*m + 220 = -20. Calculate the highest common divisor of s and 10.
10
Let r be (1 + 1)/((-2)/(-4)). Suppose -34 = -r*f - 2*k - 12, 0 = -5*f + 4*k - 5. Calculate the greatest common divisor of f and 12.
3
Let q = -5 - -6. What is the greatest common divisor of 7 and q?
1
Let w be (-5776)/(-72) + 2/(-9). Suppose 4*i + w = 5*q, -i = -5*q - 3*i + 110. Calculate the highest common factor of q and 5.
5
Suppose -16 = -0*d - 2*d. Calculate the greatest common factor of d and 24.
8
Let p be -45*((7 - 4) + -4). Let l = 0 + -7. Let v = l + 12. What is the greatest common factor of v and p?
5
Suppose 0 = -2*w + 61 + 33. What is the greatest common divisor of 329 and w?
47
Let q = -13 - -23. Suppose -130 = -5*w - 3*l, 0 = -0*w + 2*w + 5*l - 52. Suppose -w + 1 = -r. What is the highest common fact